{"id":328,"date":"2021-02-17T21:46:58","date_gmt":"2021-02-17T20:46:58","guid":{"rendered":"http:\/\/elzbietagrabos.pl\/?page_id=328"},"modified":"2023-01-19T16:12:31","modified_gmt":"2023-01-19T15:12:31","slug":"prospekty-organowe","status":"publish","type":"page","link":"http:\/\/elzbietagrabos.pl\/?page_id=328","title":{"rendered":"Prospekty organowe"},"content":{"rendered":"<p>[et_pb_section fb_built=&#8221;1&#8243; _builder_version=&#8221;4.9.0&#8243; _module_preset=&#8221;default&#8221;][et_pb_row column_structure=&#8221;1_2,1_2&#8243; _builder_version=&#8221;4.9.0&#8243; _module_preset=&#8221;default&#8221;][et_pb_column type=&#8221;1_2&#8243; _builder_version=&#8221;4.9.0&#8243; _module_preset=&#8221;default&#8221;][et_pb_image src=&#8221;http:\/\/elzbietagrabos.pl\/wp-content\/uploads\/2021\/02\/wolin.organy-1-scaled.jpg&#8221; _builder_version=&#8221;4.9.0&#8243; _module_preset=&#8221;default&#8221;][\/et_pb_image][\/et_pb_column][et_pb_column type=&#8221;1_2&#8243; _builder_version=&#8221;4.9.0&#8243; _module_preset=&#8221;default&#8221;][et_pb_text _builder_version=&#8221;4.9.0&#8243; _module_preset=&#8221;default&#8221;]<\/p>\n<div><\/div>\n<div>\n<div class=\"text-justify\" id=\"opis_instrumentu\">\n<p><strong>WOLIN. <\/strong>woj. zachodniopomorskie.<strong> KO\u015aCI\u00d3\u0141 \u015aW. MIKO\u0141AJA<\/strong><\/p>\n<p>wg: <a href=\"https:\/\/musicamsacram.pl\/instrumenty\/opis\/2233-Wolin-Kosciol-sw-Mikolaja\"><\/a><a href=\"https:\/\/musicamsacram.pl\/instrumenty\/opis\/2233-Wolin-Kosciol-sw-Mikolaja\">https:\/\/musicamsacram.pl\/instrumenty\/opis\/2233-Wolin-Kosciol-sw-Mikolaja<\/a><\/p>\n<p><span style=\"font-size: 14px;\">Instrument zosta\u0142 zbudowany w roku 1960 dla ko\u015bcio\u0142a w Neuss ko\u0142o\u00a0D\u00fcsseldorfu. Dysponowa\u0142\u00a0w\u00f3wczas 32 g\u0142osami. W roku 2015 firma organmistrzowska Zdzis\u0142awa Mollina dokona\u0142a translokacji organ\u00f3w na obecne miejsce. Instrument zosta\u0142 umieszczony w nowej szafie oraz rozbudowany\u00a0o 8 g\u0142os\u00f3w, kt\u00f3re umieszczono w sekcji pozytywu na balustradzie ch\u00f3ru muzycznego. Dokonano r\u00f3wnie\u017c wymiany obudowy sto\u0142u gry, monta\u017cu nowych manubri\u00f3w i nowego manua\u0142u oraz instalacji setzera (10 000 kombinacji). Projekt prospektu wykona\u0142a\u00a0El\u017cbieta Grabo\u015b, projekt dyspozycji dr Bogdan Narloch, a intonacj\u0119 Jerzy Kukla. Instrument zosta\u0142 po\u015bwi\u0119cony 18 wrze\u015bnia 2016 roku, a inaguracyjny koncert wykona\u0142 dr Bogdan Narloch. St\u00f3\u0142 gry umieszczony jest za pozytywem, graj\u0105cy siedzi twarz\u0105 do prezbiterium. Skala manua\u0142\u00f3w: C-g<\/span><sup>3<\/sup><span style=\"font-size: 14px;\">; skala peda\u0142u: C-f<\/span><sup>1<\/sup><span style=\"font-size: 14px;\">.<\/span><\/p>\n<\/div>\n<\/div>\n<p>[\/et_pb_text][\/et_pb_column][\/et_pb_row][\/et_pb_section][et_pb_section fb_built=&#8221;1&#8243; _builder_version=&#8221;4.9.0&#8243; _module_preset=&#8221;default&#8221;][et_pb_row column_structure=&#8221;1_2,1_2&#8243; _builder_version=&#8221;4.9.0&#8243; _module_preset=&#8221;default&#8221;][et_pb_column type=&#8221;1_2&#8243; _builder_version=&#8221;4.9.0&#8243; _module_preset=&#8221;default&#8221;][et_pb_image src=&#8221;http:\/\/elzbietagrabos.pl\/wp-content\/uploads\/2021\/02\/MG_2822.png&#8221; _builder_version=&#8221;4.9.0&#8243; _module_preset=&#8221;default&#8221;][\/et_pb_image][\/et_pb_column][et_pb_column type=&#8221;1_2&#8243; _builder_version=&#8221;4.9.0&#8243; _module_preset=&#8221;default&#8221;][et_pb_text _builder_version=&#8221;4.9.0&#8243; _module_preset=&#8221;default&#8221;]<\/p>\n<p class=\"p1\"><span class=\"s1\"><strong>TARNOBRZEG<\/strong>. woj. podkarpackie. <strong>Klasztor O.O. Dominikan\u00f3w\u00a0 \u00a0\u00a0<\/strong><\/span><\/p>\n<p class=\"p1\">wg:\u00a0<a href=\"https:\/\/musicamsacram.pl\/instrumenty\/2275-tarnobrzeg-kosciol-wniebowziecia-nmp-dominikanow\">https:\/\/musicamsacram.pl\/instrumenty\/2275-tarnobrzeg-kosciol-wniebowziecia-nmp-dominikanow<\/a><span class=\"s1\"><strong><\/strong><\/span><\/p>\n<p class=\"p1\">\n<p class=\"p1\"><span>&#8222;W latach 2018\u20132021 instrument przeszed\u0142 cz\u0119\u015bciow\u0105 przebudow\u0119 wraz z remontem generalnym wg og\u00f3lnej koncepcji miejscowego organisty Mariusza Rysia. Prace obejmowa\u0142y m.in. poszerzenie ch\u00f3ru muzycznego, przebudow\u0119 szafy, czyszczenie piszcza\u0142ek, intonacj\u0119, strojenie oraz modernizacj\u0119 sto\u0142u gry. By\u0142y one mo\u017cliwe dzi\u0119ki pozyskaniu \u015brodk\u00f3w\u00a0z Ministerstwa Kultury i Dziedzictwa Narodowego. Projekt architektoniczny szafy organowej autorstwa artysty plastyk El\u017cbiety Grabo\u015b, kt\u00f3ra r\u00f3wnie\u017c wykona\u0142a jej malowanie oraz ornamenty. Szafa w kolorze czerwieni alizarynowej nawi\u0105zuje do barwy sukni Matki Bo\u017cej Dzikowskiej i obrusu na cudownym obrazie w sanktuarium. Wykonawc\u0105 szafy by\u0142 zak\u0142ad stolarski Jana Kopcia z Dymitrowa Du\u017cego w gminie Baran\u00f3w Sandomierski, za\u015b prace organmistrzowskie przeprowadzi\u0142a firma Grzegorza Stawowego z Woli Baranowskiej. St\u00f3\u0142 gry wyposa\u017cono system sterowania i Setzer wykonany przez Jerzego Ordona z Krakowa. Dodano nowe g\u0142osy: Krumhorn 8\u2019 w manuale III, Vox coelestis 8\u2019 w manuale II oraz Bourdon 16\u2019 w manuale I w miejsce Kwintadeny 16\u2019. Zmieniono ustawienie sto\u0142u gry w celu polepszenia warunk\u00f3w ods\u0142uchu. Graj\u0105cy siedzi plecami do prezbiterium. Sekcja manua\u0142u III znajduje si\u0119 w pozytywie na balustradzie ch\u00f3ru muzycznego.&#8221;<\/span><\/p>\n<p class=\"p2\"><span class=\"s1\"><\/span><\/p>\n<p class=\"p1\">\n<p>[\/et_pb_text][\/et_pb_column][\/et_pb_row][\/et_pb_section][et_pb_section fb_built=&#8221;1&#8243; _builder_version=&#8221;4.9.0&#8243; _module_preset=&#8221;default&#8221;][et_pb_row _builder_version=&#8221;4.9.0&#8243; _module_preset=&#8221;default&#8221;][et_pb_column type=&#8221;4_4&#8243; _builder_version=&#8221;4.9.0&#8243; _module_preset=&#8221;default&#8221;][\/et_pb_column][\/et_pb_row][\/et_pb_section]<\/p>\n","protected":false},"excerpt":{"rendered":"<p>[et_pb_section fb_built=&#8221;1&#8243; _builder_version=&#8221;4.9.0&#8243; _module_preset=&#8221;default&#8221;][et_pb_row column_structure=&#8221;1_2,1_2&#8243; _builder_version=&#8221;4.9.0&#8243; _module_preset=&#8221;default&#8221;][et_pb_column type=&#8221;1_2&#8243; _builder_version=&#8221;4.9.0&#8243; _module_preset=&#8221;default&#8221;][et_pb_image src=&#8221;http:\/\/elzbietagrabos.pl\/wp-content\/uploads\/2021\/02\/wolin.organy-1-scaled.jpg&#8221; _builder_version=&#8221;4.9.0&#8243; _module_preset=&#8221;default&#8221;][\/et_pb_image][\/et_pb_column][et_pb_column type=&#8221;1_2&#8243; _builder_version=&#8221;4.9.0&#8243; _module_preset=&#8221;default&#8221;][et_pb_text _builder_version=&#8221;4.9.0&#8243; _module_preset=&#8221;default&#8221;] WOLIN. woj. zachodniopomorskie. KO\u015aCI\u00d3\u0141 \u015aW. MIKO\u0141AJA wg: https:\/\/musicamsacram.pl\/instrumenty\/opis\/2233-Wolin-Kosciol-sw-Mikolaja Instrument zosta\u0142 zbudowany w roku 1960 dla ko\u015bcio\u0142a w Neuss ko\u0142o\u00a0D\u00fcsseldorfu. Dysponowa\u0142\u00a0w\u00f3wczas 32 g\u0142osami. W roku 2015 firma organmistrzowska Zdzis\u0142awa Mollina dokona\u0142a translokacji organ\u00f3w na obecne miejsce. Instrument zosta\u0142 [&hellip;]<\/p>\n","protected":false},"author":2,"featured_media":0,"parent":0,"menu_order":0,"comment_status":"closed","ping_status":"closed","template":"","meta":{"_et_pb_use_builder":"on","_et_pb_old_content":"","_et_gb_content_width":""},"yoast_head":"<!-- This site is optimized with the Yoast SEO plugin v15.8 - https:\/\/yoast.com\/wordpress\/plugins\/seo\/ -->\n<title>Prospekty organowe - El\u017cbieta Grabo\u015b &amp; Apolonia<\/title>\n<meta name=\"robots\" content=\"index, follow, max-snippet:-1, max-image-preview:large, max-video-preview:-1\" \/>\n<link rel=\"canonical\" href=\"http:\/\/elzbietagrabos.pl\/?page_id=328\" \/>\n<meta property=\"og:locale\" content=\"pl_PL\" \/>\n<meta property=\"og:type\" content=\"article\" \/>\n<meta property=\"og:title\" content=\"Prospekty organowe - El\u017cbieta Grabo\u015b &amp; Apolonia\" \/>\n<meta property=\"og:description\" content=\"[et_pb_section fb_built=&#8221;1&#8243; _builder_version=&#8221;4.9.0&#8243; _module_preset=&#8221;default&#8221;][et_pb_row column_structure=&#8221;1_2,1_2&#8243; _builder_version=&#8221;4.9.0&#8243; _module_preset=&#8221;default&#8221;][et_pb_column type=&#8221;1_2&#8243; _builder_version=&#8221;4.9.0&#8243; _module_preset=&#8221;default&#8221;][et_pb_image src=&#8221;http:\/\/elzbietagrabos.pl\/wp-content\/uploads\/2021\/02\/wolin.organy-1-scaled.jpg&#8221; _builder_version=&#8221;4.9.0&#8243; _module_preset=&#8221;default&#8221;][\/et_pb_image][\/et_pb_column][et_pb_column type=&#8221;1_2&#8243; _builder_version=&#8221;4.9.0&#8243; _module_preset=&#8221;default&#8221;][et_pb_text _builder_version=&#8221;4.9.0&#8243; _module_preset=&#8221;default&#8221;] WOLIN. woj. zachodniopomorskie. KO\u015aCI\u00d3\u0141 \u015aW. MIKO\u0141AJA wg: https:\/\/musicamsacram.pl\/instrumenty\/opis\/2233-Wolin-Kosciol-sw-Mikolaja Instrument zosta\u0142 zbudowany w roku 1960 dla ko\u015bcio\u0142a w Neuss ko\u0142o\u00a0D\u00fcsseldorfu. Dysponowa\u0142\u00a0w\u00f3wczas 32 g\u0142osami. W roku 2015 firma organmistrzowska Zdzis\u0142awa Mollina dokona\u0142a translokacji organ\u00f3w na obecne miejsce. Instrument zosta\u0142 [&hellip;]\" \/>\n<meta property=\"og:url\" content=\"http:\/\/elzbietagrabos.pl\/?page_id=328\" \/>\n<meta property=\"og:site_name\" content=\"El\u017cbieta Grabo\u015b &amp; Apolonia\" \/>\n<meta property=\"article:modified_time\" content=\"2023-01-19T15:12:31+00:00\" \/>\n<meta name=\"twitter:card\" content=\"summary_large_image\" \/>\n<script type=\"application\/ld+json\" class=\"yoast-schema-graph\">{\"@context\":\"https:\/\/schema.org\",\"@graph\":[{\"@type\":[\"Person\",\"Organization\"],\"@id\":\"http:\/\/elzbietagrabos.pl\/#\/schema\/person\/2815e6febafcfaf0d9800fa6ddba20cd\",\"name\":\"admin\",\"image\":{\"@type\":\"ImageObject\",\"@id\":\"http:\/\/elzbietagrabos.pl\/#personlogo\",\"inLanguage\":\"pl-PL\",\"url\":\"http:\/\/1.gravatar.com\/avatar\/496e61331ff0b43909427543e093c0c9?s=96&d=mm&r=g\",\"caption\":\"admin\"},\"logo\":{\"@id\":\"http:\/\/elzbietagrabos.pl\/#personlogo\"}},{\"@type\":\"WebSite\",\"@id\":\"http:\/\/elzbietagrabos.pl\/#website\",\"url\":\"http:\/\/elzbietagrabos.pl\/\",\"name\":\"El\\u017cbieta Grabo\\u015b &amp; Apolonia\",\"description\":\"Artysta Plastyk Konserwator Dzie\\u0142 Sztuki\",\"publisher\":{\"@id\":\"http:\/\/elzbietagrabos.pl\/#\/schema\/person\/2815e6febafcfaf0d9800fa6ddba20cd\"},\"potentialAction\":[{\"@type\":\"SearchAction\",\"target\":\"http:\/\/elzbietagrabos.pl\/?s={search_term_string}\",\"query-input\":\"required name=search_term_string\"}],\"inLanguage\":\"pl-PL\"},{\"@type\":\"WebPage\",\"@id\":\"http:\/\/elzbietagrabos.pl\/?page_id=328#webpage\",\"url\":\"http:\/\/elzbietagrabos.pl\/?page_id=328\",\"name\":\"Prospekty organowe - El\\u017cbieta Grabo\\u015b &amp; Apolonia\",\"isPartOf\":{\"@id\":\"http:\/\/elzbietagrabos.pl\/#website\"},\"datePublished\":\"2021-02-17T20:46:58+00:00\",\"dateModified\":\"2023-01-19T15:12:31+00:00\",\"breadcrumb\":{\"@id\":\"http:\/\/elzbietagrabos.pl\/?page_id=328#breadcrumb\"},\"inLanguage\":\"pl-PL\",\"potentialAction\":[{\"@type\":\"ReadAction\",\"target\":[\"http:\/\/elzbietagrabos.pl\/?page_id=328\"]}]},{\"@type\":\"BreadcrumbList\",\"@id\":\"http:\/\/elzbietagrabos.pl\/?page_id=328#breadcrumb\",\"itemListElement\":[{\"@type\":\"ListItem\",\"position\":1,\"item\":{\"@type\":\"WebPage\",\"@id\":\"http:\/\/elzbietagrabos.pl\/\",\"url\":\"http:\/\/elzbietagrabos.pl\/\",\"name\":\"Strona g\\u0142\\u00f3wna\"}},{\"@type\":\"ListItem\",\"position\":2,\"item\":{\"@type\":\"WebPage\",\"@id\":\"http:\/\/elzbietagrabos.pl\/?page_id=328\",\"url\":\"http:\/\/elzbietagrabos.pl\/?page_id=328\",\"name\":\"Prospekty organowe\"}}]}]}<\/script>\n<!-- \/ Yoast SEO plugin. -->","_links":{"self":[{"href":"http:\/\/elzbietagrabos.pl\/index.php?rest_route=\/wp\/v2\/pages\/328"}],"collection":[{"href":"http:\/\/elzbietagrabos.pl\/index.php?rest_route=\/wp\/v2\/pages"}],"about":[{"href":"http:\/\/elzbietagrabos.pl\/index.php?rest_route=\/wp\/v2\/types\/page"}],"author":[{"embeddable":true,"href":"http:\/\/elzbietagrabos.pl\/index.php?rest_route=\/wp\/v2\/users\/2"}],"replies":[{"embeddable":true,"href":"http:\/\/elzbietagrabos.pl\/index.php?rest_route=%2Fwp%2Fv2%2Fcomments&post=328"}],"version-history":[{"count":6,"href":"http:\/\/elzbietagrabos.pl\/index.php?rest_route=\/wp\/v2\/pages\/328\/revisions"}],"predecessor-version":[{"id":1005,"href":"http:\/\/elzbietagrabos.pl\/index.php?rest_route=\/wp\/v2\/pages\/328\/revisions\/1005"}],"wp:attachment":[{"href":"http:\/\/elzbietagrabos.pl\/index.php?rest_route=%2Fwp%2Fv2%2Fmedia&parent=328"}],"curies":[{"name":"wp","href":"https:\/\/api.w.org\/{rel}","templated":true}]}}