{"id":325,"date":"2021-02-17T21:45:56","date_gmt":"2021-02-17T20:45:56","guid":{"rendered":"http:\/\/elzbietagrabos.pl\/?page_id=325"},"modified":"2022-06-15T00:17:35","modified_gmt":"2022-06-14T22:17:35","slug":"witraze","status":"publish","type":"page","link":"http:\/\/elzbietagrabos.pl\/?page_id=325","title":{"rendered":"Witra\u017ce"},"content":{"rendered":"<p>[et_pb_section fb_built=&#8221;1&#8243; _builder_version=&#8221;4.9.0&#8243; _module_preset=&#8221;default&#8221;][et_pb_row column_structure=&#8221;1_2,1_2&#8243; _builder_version=&#8221;4.9.0&#8243; _module_preset=&#8221;default&#8221;][et_pb_column type=&#8221;1_2&#8243; _builder_version=&#8221;4.9.0&#8243; _module_preset=&#8221;default&#8221;][et_pb_image src=&#8221;http:\/\/elzbietagrabos.pl\/wp-content\/uploads\/2021\/02\/projekty-witraz\u0307y.jpg&#8221; _builder_version=&#8221;4.9.0&#8243; _module_preset=&#8221;default&#8221;][\/et_pb_image][\/et_pb_column][et_pb_column type=&#8221;1_2&#8243; _builder_version=&#8221;4.9.0&#8243; _module_preset=&#8221;default&#8221;][et_pb_text _builder_version=&#8221;4.9.0&#8243; _module_preset=&#8221;default&#8221;]<\/p>\n<p class=\"p1\"><span class=\"s1\"><b>Jedli\u0144sk<\/b> k\/ Radomia. Projekty witra\u017cy do barokowego ko\u015bcio\u0142a <\/span><\/p>\n<p class=\"p1\"><span class=\"s1\"><b>Makowiec <\/b>k\/ Radomia. Projekty witra\u017cy, cykl maryjny; Tajemnice \u015bwiat\u0142a<\/span><\/p>\n<p class=\"p1\"><span class=\"s1\"><b>Mi\u0142ocin<\/b> k\/ Rzeszowa. Projekty witra\u017ca ze \u015bw. Hubertem i \u015bw. Franciszkiem<\/span><\/p>\n<p class=\"p1\"><span class=\"s1\"><b>Zakrzew<\/b> k\/ Radomia. Projekt cyklu witra\u017cy do wn\u0119trza rokokowego ko\u015bcio\u0142a<\/span><\/p>\n<p class=\"p1\"><span class=\"s1\"><b>Stanis\u0142awice<\/b> k\/Kozienic. Projekt-tajemnice r\u00f3\u017ca\u0144cowe<\/span><\/p>\n<p class=\"p1\"><span class=\"s1\"><b>Zwole\u0144<\/b>. k.Zes\u0142ania Ducha \u015aw. prezbiterium, pozosta\u0142e niezrealizowane\u00a0\u00a0<\/span><\/p>\n<p class=\"p1\"><span class=\"s1\"><b>Malice<\/b> k\/Sandomierza<\/span><\/p>\n<p class=\"p1\"><span class=\"s1\"><b>W\u0142ost\u00f3w<\/b> k\/Sandomierza.Tematyka zwi\u0105zana z Wincentym Kad\u0142ubkiem<\/span><\/p>\n<p class=\"p1\"><span class=\"s1\"><b>Radom<\/b>. Ko\u015bci\u00f3\u0142 \u015bw. Maksymiliana Kolbe 1 cz. p\u00f3\u0142nocna<\/span><\/p>\n<p class=\"p1\"><span class=\"s1\"><b>Dobieszyn.<\/b>\u00a0prezbiterium: \u015bw. Franciszek i \u015bw. Stanis\u0142aw BM\u00a0<\/span><\/p>\n<p class=\"p1\"><span class=\"s1\"> -wsp\u00f3\u0142praca z<span class=\"Apple-converted-space\">\u00a0 <\/span>pracowni\u0105 Miros\u0142awa Spirowskiego w Otwocku k\/Warszawy\/<\/span><\/p>\n<p class=\"p2\"><span class=\"s1\"><\/span><\/p>\n<p class=\"p1\"><span class=\"s1\"><b>Radom<\/b>. Ko\u015bci\u00f3\u0142 \u015bw. Maksymiliana Kolbe. 2 cz. po\u0142udniowa <\/span><\/p>\n<p class=\"p1\"><span class=\"s1\">-wsp\u00f3\u0142praca z pracowni\u0105 Tomasza Furdyny. Krak\u00f3w.<\/span><\/p>\n<p class=\"p2\"><span class=\"s1\"><\/span><\/p>\n<p class=\"p1\"><span class=\"s1\"><b>Jedlnia Letnisko.<\/b> Ko\u015bci\u00f3\u0142. Dwa cykle: prezbiterium i nawa.<\/span><\/p>\n<p class=\"p1\"><span class=\"s1\"><strong>Wieniawa.<\/strong> Ko\u015bci\u00f3\u0142 p.w. \u015aw Katarzyny.<\/span><\/p>\n<p class=\"p1\"><span class=\"s1\">-wsp\u00f3\u0142praca z pracowni\u0105 A. Skalski. J\u00f3zef\u00f3w k\/Otwocka<\/span><\/p>\n<p class=\"p1\">\n<p class=\"p1\"><span class=\"s1\"><\/span><\/p>\n<p>[\/et_pb_text][\/et_pb_column][\/et_pb_row][\/et_pb_section][et_pb_section fb_built=&#8221;1&#8243; _builder_version=&#8221;4.9.0&#8243; _module_preset=&#8221;default&#8221;][et_pb_row column_structure=&#8221;1_2,1_2&#8243; _builder_version=&#8221;4.9.0&#8243; _module_preset=&#8221;default&#8221;][et_pb_column type=&#8221;1_2&#8243; _builder_version=&#8221;4.9.0&#8243; _module_preset=&#8221;default&#8221;][et_pb_video src=&#8221;http:\/\/elzbietagrabos.pl\/wp-content\/uploads\/2021\/03\/wykonywal-Miroslaw-Spirowski-Witraz\u0307e-HD-720p-3.m4v&#8221; _builder_version=&#8221;4.9.0&#8243; _module_preset=&#8221;default&#8221;][\/et_pb_video][\/et_pb_column][et_pb_column type=&#8221;1_2&#8243; _builder_version=&#8221;4.9.0&#8243; _module_preset=&#8221;default&#8221;][et_pb_video src=&#8221;http:\/\/elzbietagrabos.pl\/wp-content\/uploads\/2021\/03\/wykonal-Miroslaw-Spirowski-Witraz\u0307e-HD-720p_2-2.m4v&#8221; _builder_version=&#8221;4.9.0&#8243; _module_preset=&#8221;default&#8221;][\/et_pb_video][\/et_pb_column][\/et_pb_row][\/et_pb_section][et_pb_section fb_built=&#8221;1&#8243; _builder_version=&#8221;4.9.0&#8243; _module_preset=&#8221;default&#8221;][et_pb_row column_structure=&#8221;1_2,1_2&#8243; _builder_version=&#8221;4.9.0&#8243; _module_preset=&#8221;default&#8221;][et_pb_column type=&#8221;1_2&#8243; _builder_version=&#8221;4.9.0&#8243; _module_preset=&#8221;default&#8221;][et_pb_video src=&#8221;http:\/\/elzbietagrabos.pl\/wp-content\/uploads\/2021\/03\/wykonal-Miroslaw-Spirowski-HD-720p-1.m4v&#8221; _builder_version=&#8221;4.9.0&#8243; _module_preset=&#8221;default&#8221;][\/et_pb_video][\/et_pb_column][et_pb_column type=&#8221;1_2&#8243; _builder_version=&#8221;4.9.0&#8243; _module_preset=&#8221;default&#8221;][et_pb_video src=&#8221;http:\/\/elzbietagrabos.pl\/wp-content\/uploads\/2021\/03\/Zakrzew-HD-720p.m4v&#8221; _builder_version=&#8221;4.9.0&#8243; _module_preset=&#8221;default&#8221;][\/et_pb_video][\/et_pb_column][\/et_pb_row][\/et_pb_section][et_pb_section fb_built=&#8221;1&#8243; _builder_version=&#8221;4.9.0&#8243; _module_preset=&#8221;default&#8221;][et_pb_row column_structure=&#8221;1_2,1_2&#8243; _builder_version=&#8221;4.9.0&#8243; _module_preset=&#8221;default&#8221;][et_pb_column type=&#8221;1_2&#8243; _builder_version=&#8221;4.9.0&#8243; _module_preset=&#8221;default&#8221;][et_pb_video src=&#8221;http:\/\/elzbietagrabos.pl\/wp-content\/uploads\/2021\/03\/nawa-po\u0301lnocna-HD-720p.m4v&#8221; _builder_version=&#8221;4.9.0&#8243; _module_preset=&#8221;default&#8221;][\/et_pb_video][\/et_pb_column][et_pb_column type=&#8221;1_2&#8243; _builder_version=&#8221;4.9.0&#8243; _module_preset=&#8221;default&#8221;][et_pb_video src=&#8221;http:\/\/elzbietagrabos.pl\/wp-content\/uploads\/2021\/03\/nawa-poludniowa-HD-720p.m4v&#8221; _builder_version=&#8221;4.9.0&#8243; _module_preset=&#8221;default&#8221;][\/et_pb_video][\/et_pb_column][\/et_pb_row][\/et_pb_section][et_pb_section fb_built=&#8221;1&#8243; _builder_version=&#8221;4.9.0&#8243; _module_preset=&#8221;default&#8221;][et_pb_row column_structure=&#8221;1_2,1_2&#8243; _builder_version=&#8221;4.9.0&#8243; _module_preset=&#8221;default&#8221;][et_pb_column type=&#8221;1_2&#8243; _builder_version=&#8221;4.9.0&#8243; _module_preset=&#8221;default&#8221;][et_pb_video src=&#8221;http:\/\/elzbietagrabos.pl\/wp-content\/uploads\/2021\/03\/Zwolen\u0301-HD-720p.m4v&#8221; _builder_version=&#8221;4.9.0&#8243; _module_preset=&#8221;default&#8221;][\/et_pb_video][\/et_pb_column][et_pb_column type=&#8221;1_2&#8243; _builder_version=&#8221;4.9.0&#8243; _module_preset=&#8221;default&#8221;][et_pb_video src=&#8221;http:\/\/elzbietagrabos.pl\/wp-content\/uploads\/2021\/03\/album-bez-nazwy-HD-720p.m4v&#8221; _builder_version=&#8221;4.9.0&#8243; _module_preset=&#8221;default&#8221;][\/et_pb_video][\/et_pb_column][\/et_pb_row][\/et_pb_section][et_pb_section fb_built=&#8221;1&#8243; _builder_version=&#8221;4.9.0&#8243; _module_preset=&#8221;default&#8221;][et_pb_row _builder_version=&#8221;4.9.0&#8243; _module_preset=&#8221;default&#8221; column_structure=&#8221;1_2,1_2&#8243;][et_pb_column type=&#8221;1_2&#8243; _builder_version=&#8221;4.9.0&#8243; _module_preset=&#8221;default&#8221;][et_pb_video src=&#8221;http:\/\/elzbietagrabos.pl\/wp-content\/uploads\/2022\/06\/Wieniawa-k_Radomia-HD-720p-1.m4v&#8221; _builder_version=&#8221;4.9.0&#8243; _module_preset=&#8221;default&#8221; hover_enabled=&#8221;0&#8243; sticky_enabled=&#8221;0&#8243;][\/et_pb_video][\/et_pb_column][et_pb_column type=&#8221;1_2&#8243; _builder_version=&#8221;4.9.0&#8243; _module_preset=&#8221;default&#8221;][\/et_pb_column][\/et_pb_row][\/et_pb_section][et_pb_section fb_built=&#8221;1&#8243; _builder_version=&#8221;4.9.0&#8243; _module_preset=&#8221;default&#8221;][et_pb_row _builder_version=&#8221;4.9.0&#8243; _module_preset=&#8221;default&#8221;][et_pb_column type=&#8221;4_4&#8243; _builder_version=&#8221;4.9.0&#8243; _module_preset=&#8221;default&#8221;][\/et_pb_column][\/et_pb_row][\/et_pb_section][et_pb_section fb_built=&#8221;1&#8243; _builder_version=&#8221;4.9.0&#8243; _module_preset=&#8221;default&#8221;][et_pb_row _builder_version=&#8221;4.9.0&#8243; _module_preset=&#8221;default&#8221;][et_pb_column _builder_version=&#8221;4.9.0&#8243; _module_preset=&#8221;default&#8221; type=&#8221;4_4&#8243;][\/et_pb_column][\/et_pb_row][\/et_pb_section]<\/p>\n","protected":false},"excerpt":{"rendered":"<p>[et_pb_section fb_built=&#8221;1&#8243; _builder_version=&#8221;4.9.0&#8243; _module_preset=&#8221;default&#8221;][et_pb_row column_structure=&#8221;1_2,1_2&#8243; _builder_version=&#8221;4.9.0&#8243; _module_preset=&#8221;default&#8221;][et_pb_column type=&#8221;1_2&#8243; _builder_version=&#8221;4.9.0&#8243; _module_preset=&#8221;default&#8221;][et_pb_image src=&#8221;http:\/\/elzbietagrabos.pl\/wp-content\/uploads\/2021\/02\/projekty-witraz\u0307y.jpg&#8221; _builder_version=&#8221;4.9.0&#8243; _module_preset=&#8221;default&#8221;][\/et_pb_image][\/et_pb_column][et_pb_column type=&#8221;1_2&#8243; _builder_version=&#8221;4.9.0&#8243; _module_preset=&#8221;default&#8221;][et_pb_text _builder_version=&#8221;4.9.0&#8243; _module_preset=&#8221;default&#8221;] Jedli\u0144sk k\/ Radomia. Projekty witra\u017cy do barokowego ko\u015bcio\u0142a Makowiec k\/ Radomia. Projekty witra\u017cy, cykl maryjny; Tajemnice \u015bwiat\u0142a Mi\u0142ocin k\/ Rzeszowa. Projekty witra\u017ca ze \u015bw. Hubertem i \u015bw. Franciszkiem Zakrzew k\/ Radomia. Projekt cyklu witra\u017cy do wn\u0119trza rokokowego [&hellip;]<\/p>\n","protected":false},"author":2,"featured_media":0,"parent":0,"menu_order":0,"comment_status":"closed","ping_status":"closed","template":"","meta":{"_et_pb_use_builder":"on","_et_pb_old_content":"","_et_gb_content_width":""},"yoast_head":"<!-- This site is optimized with the Yoast SEO plugin v15.8 - https:\/\/yoast.com\/wordpress\/plugins\/seo\/ -->\n<title>Witra\u017ce - El\u017cbieta Grabo\u015b &amp; Apolonia<\/title>\n<meta name=\"robots\" content=\"index, follow, max-snippet:-1, max-image-preview:large, max-video-preview:-1\" \/>\n<link rel=\"canonical\" href=\"https:\/\/elzbietagrabos.pl\/?page_id=325\" \/>\n<meta property=\"og:locale\" content=\"pl_PL\" \/>\n<meta property=\"og:type\" content=\"article\" \/>\n<meta property=\"og:title\" content=\"Witra\u017ce - El\u017cbieta Grabo\u015b &amp; Apolonia\" \/>\n<meta property=\"og:description\" content=\"[et_pb_section fb_built=&#8221;1&#8243; _builder_version=&#8221;4.9.0&#8243; _module_preset=&#8221;default&#8221;][et_pb_row column_structure=&#8221;1_2,1_2&#8243; _builder_version=&#8221;4.9.0&#8243; _module_preset=&#8221;default&#8221;][et_pb_column type=&#8221;1_2&#8243; _builder_version=&#8221;4.9.0&#8243; _module_preset=&#8221;default&#8221;][et_pb_image src=&#8221;http:\/\/elzbietagrabos.pl\/wp-content\/uploads\/2021\/02\/projekty-witraz\u0307y.jpg&#8221; _builder_version=&#8221;4.9.0&#8243; _module_preset=&#8221;default&#8221;][\/et_pb_image][\/et_pb_column][et_pb_column type=&#8221;1_2&#8243; _builder_version=&#8221;4.9.0&#8243; _module_preset=&#8221;default&#8221;][et_pb_text _builder_version=&#8221;4.9.0&#8243; _module_preset=&#8221;default&#8221;] Jedli\u0144sk k\/ Radomia. Projekty witra\u017cy do barokowego ko\u015bcio\u0142a Makowiec k\/ Radomia. Projekty witra\u017cy, cykl maryjny; Tajemnice \u015bwiat\u0142a Mi\u0142ocin k\/ Rzeszowa. Projekty witra\u017ca ze \u015bw. Hubertem i \u015bw. Franciszkiem Zakrzew k\/ Radomia. Projekt cyklu witra\u017cy do wn\u0119trza rokokowego [&hellip;]\" \/>\n<meta property=\"og:url\" content=\"https:\/\/elzbietagrabos.pl\/?page_id=325\" \/>\n<meta property=\"og:site_name\" content=\"El\u017cbieta Grabo\u015b &amp; Apolonia\" \/>\n<meta property=\"article:modified_time\" content=\"2022-06-14T22:17:35+00:00\" \/>\n<meta name=\"twitter:card\" content=\"summary_large_image\" \/>\n<script type=\"application\/ld+json\" class=\"yoast-schema-graph\">{\"@context\":\"https:\/\/schema.org\",\"@graph\":[{\"@type\":[\"Person\",\"Organization\"],\"@id\":\"http:\/\/elzbietagrabos.pl\/#\/schema\/person\/2815e6febafcfaf0d9800fa6ddba20cd\",\"name\":\"admin\",\"image\":{\"@type\":\"ImageObject\",\"@id\":\"http:\/\/elzbietagrabos.pl\/#personlogo\",\"inLanguage\":\"pl-PL\",\"url\":\"http:\/\/1.gravatar.com\/avatar\/496e61331ff0b43909427543e093c0c9?s=96&d=mm&r=g\",\"caption\":\"admin\"},\"logo\":{\"@id\":\"http:\/\/elzbietagrabos.pl\/#personlogo\"}},{\"@type\":\"WebSite\",\"@id\":\"http:\/\/elzbietagrabos.pl\/#website\",\"url\":\"http:\/\/elzbietagrabos.pl\/\",\"name\":\"El\\u017cbieta Grabo\\u015b &amp; Apolonia\",\"description\":\"Artysta Plastyk Konserwator Dzie\\u0142 Sztuki\",\"publisher\":{\"@id\":\"http:\/\/elzbietagrabos.pl\/#\/schema\/person\/2815e6febafcfaf0d9800fa6ddba20cd\"},\"potentialAction\":[{\"@type\":\"SearchAction\",\"target\":\"http:\/\/elzbietagrabos.pl\/?s={search_term_string}\",\"query-input\":\"required name=search_term_string\"}],\"inLanguage\":\"pl-PL\"},{\"@type\":\"WebPage\",\"@id\":\"https:\/\/elzbietagrabos.pl\/?page_id=325#webpage\",\"url\":\"https:\/\/elzbietagrabos.pl\/?page_id=325\",\"name\":\"Witra\\u017ce - El\\u017cbieta Grabo\\u015b &amp; Apolonia\",\"isPartOf\":{\"@id\":\"http:\/\/elzbietagrabos.pl\/#website\"},\"datePublished\":\"2021-02-17T20:45:56+00:00\",\"dateModified\":\"2022-06-14T22:17:35+00:00\",\"breadcrumb\":{\"@id\":\"https:\/\/elzbietagrabos.pl\/?page_id=325#breadcrumb\"},\"inLanguage\":\"pl-PL\",\"potentialAction\":[{\"@type\":\"ReadAction\",\"target\":[\"https:\/\/elzbietagrabos.pl\/?page_id=325\"]}]},{\"@type\":\"BreadcrumbList\",\"@id\":\"https:\/\/elzbietagrabos.pl\/?page_id=325#breadcrumb\",\"itemListElement\":[{\"@type\":\"ListItem\",\"position\":1,\"item\":{\"@type\":\"WebPage\",\"@id\":\"http:\/\/elzbietagrabos.pl\/\",\"url\":\"http:\/\/elzbietagrabos.pl\/\",\"name\":\"Strona g\\u0142\\u00f3wna\"}},{\"@type\":\"ListItem\",\"position\":2,\"item\":{\"@type\":\"WebPage\",\"@id\":\"https:\/\/elzbietagrabos.pl\/?page_id=325\",\"url\":\"https:\/\/elzbietagrabos.pl\/?page_id=325\",\"name\":\"Witra\\u017ce\"}}]}]}<\/script>\n<!-- \/ Yoast SEO plugin. -->","_links":{"self":[{"href":"http:\/\/elzbietagrabos.pl\/index.php?rest_route=\/wp\/v2\/pages\/325"}],"collection":[{"href":"http:\/\/elzbietagrabos.pl\/index.php?rest_route=\/wp\/v2\/pages"}],"about":[{"href":"http:\/\/elzbietagrabos.pl\/index.php?rest_route=\/wp\/v2\/types\/page"}],"author":[{"embeddable":true,"href":"http:\/\/elzbietagrabos.pl\/index.php?rest_route=\/wp\/v2\/users\/2"}],"replies":[{"embeddable":true,"href":"http:\/\/elzbietagrabos.pl\/index.php?rest_route=%2Fwp%2Fv2%2Fcomments&post=325"}],"version-history":[{"count":22,"href":"http:\/\/elzbietagrabos.pl\/index.php?rest_route=\/wp\/v2\/pages\/325\/revisions"}],"predecessor-version":[{"id":993,"href":"http:\/\/elzbietagrabos.pl\/index.php?rest_route=\/wp\/v2\/pages\/325\/revisions\/993"}],"wp:attachment":[{"href":"http:\/\/elzbietagrabos.pl\/index.php?rest_route=%2Fwp%2Fv2%2Fmedia&parent=325"}],"curies":[{"name":"wp","href":"https:\/\/api.w.org\/{rel}","templated":true}]}}