{"id":242,"date":"2021-02-14T22:08:46","date_gmt":"2021-02-14T21:08:46","guid":{"rendered":"http:\/\/elzbietagrabos.pl\/?page_id=242"},"modified":"2021-03-03T21:33:37","modified_gmt":"2021-03-03T20:33:37","slug":"home-2","status":"publish","type":"page","link":"http:\/\/elzbietagrabos.pl\/","title":{"rendered":"Home"},"content":{"rendered":"<p>[et_pb_section fb_built=&#8221;1&#8243; _builder_version=&#8221;4.9.0&#8243; _module_preset=&#8221;default&#8221; custom_padding=&#8221;82px|||||&#8221; animation_style=&#8221;fade&#8221; animation_delay=&#8221;300ms&#8221;][et_pb_row _builder_version=&#8221;4.9.0&#8243; _module_preset=&#8221;default&#8221; animation_style=&#8221;slide&#8221;][et_pb_column type=&#8221;4_4&#8243; _builder_version=&#8221;4.9.0&#8243; _module_preset=&#8221;default&#8221; animation_style=&#8221;fade&#8221; animation_delay=&#8221;350ms&#8221;][et_pb_slider _builder_version=&#8221;4.9.0&#8243; _module_preset=&#8221;default&#8221; auto=&#8221;on&#8221; auto_speed=&#8221;5000&#8243; hover_transition_duration=&#8221;100ms&#8221; hover_enabled=&#8221;0&#8243; link_option_url=&#8221;http:\/\/apolonia.elzbietagrabos.pl\/&#8221; sticky_enabled=&#8221;0&#8243;][et_pb_slide heading=&#8221;El\u017cbieta Grabo\u015b&#8221; button_text=&#8221;Zobacz wi\u0119cej&#8221; button_link=&#8221;http:\/\/elzbietagrabos.pl\/?page_id=152&#8243; image=&#8221;http:\/\/elzbietagrabos.pl\/wp-content\/uploads\/2021\/02\/elzbieta_grabos.jpg&#8221; _builder_version=&#8221;4.9.0&#8243; _module_preset=&#8221;default&#8221; sticky_transition=&#8221;on&#8221;]<\/p>\n<p><span class=\"d2edcug0 hpfvmrgz qv66sw1b c1et5uql rrkovp55 a8c37x1j keod5gw0 nxhoafnm aigsh9s9 d3f4x2em fe6kdd0r mau55g9w c8b282yb iv3no6db jq4qci2q a3bd9o3v knj5qynh oo9gr5id hzawbc8m\" dir=\"auto\"><span class=\"d2edcug0 hpfvmrgz qv66sw1b c1et5uql rrkovp55 jq4qci2q a3bd9o3v knj5qynh oo9gr5id hzawbc8m\">Z profesji \u2013 konserwator i obro\u0144ca zabytk\u00f3w, z fascynacji fotograf, w g\u0142\u0119boko\u015bci duszy malarz. I jak tylko taka potrzeba plastyk<\/span><\/span> <\/p>\n<p>[\/et_pb_slide][et_pb_slide heading=&#8221;Zagroda Apolonia&#8221; button_text=&#8221;Zobacz wi\u0119cej&#8221; button_link=&#8221;http:\/\/apolonia.elzbietagrabos.pl\/&#8221; image=&#8221;http:\/\/elzbietagrabos.pl\/wp-content\/uploads\/2021\/02\/apolonia_skansen-1.jpg&#8221; content_tablet=&#8221;&#8221; content_phone=&#8221;&#8221; content_last_edited=&#8221;on|desktop&#8221; _builder_version=&#8221;4.9.0&#8243; _module_preset=&#8221;default&#8221; hover_enabled=&#8221;0&#8243; sticky_transition=&#8221;on&#8221; sticky_enabled=&#8221;0&#8243;]<\/p>\n<p>&#8222;Apolonia&#8221; to ma\u0142y prywatny skansen, ci\u0105gle \u017cywy. Historia ratowania starej polskiej architektury i ukazania jej miejsca we wsp\u00f3\u0142czesnym \u015bwiecie.<\/p>\n<p>[\/et_pb_slide][\/et_pb_slider][\/et_pb_column][\/et_pb_row][\/et_pb_section]<\/p>\n","protected":false},"excerpt":{"rendered":"<p>[et_pb_section fb_built=&#8221;1&#8243; _builder_version=&#8221;4.9.0&#8243; _module_preset=&#8221;default&#8221; custom_padding=&#8221;82px|||||&#8221; animation_style=&#8221;fade&#8221; animation_delay=&#8221;300ms&#8221;][et_pb_row _builder_version=&#8221;4.9.0&#8243; _module_preset=&#8221;default&#8221; animation_style=&#8221;slide&#8221;][et_pb_column type=&#8221;4_4&#8243; _builder_version=&#8221;4.9.0&#8243; _module_preset=&#8221;default&#8221; animation_style=&#8221;fade&#8221; animation_delay=&#8221;350ms&#8221;][et_pb_slider _builder_version=&#8221;4.9.0&#8243; _module_preset=&#8221;default&#8221; auto=&#8221;on&#8221; auto_speed=&#8221;5000&#8243; hover_transition_duration=&#8221;100ms&#8221; hover_enabled=&#8221;0&#8243; link_option_url=&#8221;http:\/\/apolonia.elzbietagrabos.pl\/&#8221; sticky_enabled=&#8221;0&#8243;][et_pb_slide heading=&#8221;El\u017cbieta Grabo\u015b&#8221; button_text=&#8221;Zobacz wi\u0119cej&#8221; button_link=&#8221;http:\/\/elzbietagrabos.pl\/?page_id=152&#8243; image=&#8221;http:\/\/elzbietagrabos.pl\/wp-content\/uploads\/2021\/02\/elzbieta_grabos.jpg&#8221; _builder_version=&#8221;4.9.0&#8243; _module_preset=&#8221;default&#8221; sticky_transition=&#8221;on&#8221;] Z profesji \u2013 konserwator i obro\u0144ca zabytk\u00f3w, z fascynacji fotograf, w g\u0142\u0119boko\u015bci duszy malarz. I jak tylko taka potrzeba plastyk [\/et_pb_slide][et_pb_slide heading=&#8221;Zagroda Apolonia&#8221; [&hellip;]<\/p>\n","protected":false},"author":2,"featured_media":0,"parent":0,"menu_order":0,"comment_status":"closed","ping_status":"closed","template":"","meta":{"_et_pb_use_builder":"on","_et_pb_old_content":"","_et_gb_content_width":""},"yoast_head":"<!-- This site is optimized with the Yoast SEO plugin v15.8 - https:\/\/yoast.com\/wordpress\/plugins\/seo\/ -->\n<title>Home - El\u017cbieta Grabo\u015b &amp; Apolonia<\/title>\n<meta name=\"robots\" content=\"index, follow, max-snippet:-1, max-image-preview:large, max-video-preview:-1\" \/>\n<link rel=\"canonical\" href=\"http:\/\/elzbietagrabos.pl\/\" \/>\n<meta property=\"og:locale\" content=\"pl_PL\" \/>\n<meta property=\"og:type\" content=\"article\" \/>\n<meta property=\"og:title\" content=\"Home - El\u017cbieta Grabo\u015b &amp; Apolonia\" \/>\n<meta property=\"og:description\" content=\"[et_pb_section fb_built=&#8221;1&#8243; _builder_version=&#8221;4.9.0&#8243; _module_preset=&#8221;default&#8221; custom_padding=&#8221;82px|||||&#8221; animation_style=&#8221;fade&#8221; animation_delay=&#8221;300ms&#8221;][et_pb_row _builder_version=&#8221;4.9.0&#8243; _module_preset=&#8221;default&#8221; animation_style=&#8221;slide&#8221;][et_pb_column type=&#8221;4_4&#8243; _builder_version=&#8221;4.9.0&#8243; _module_preset=&#8221;default&#8221; animation_style=&#8221;fade&#8221; animation_delay=&#8221;350ms&#8221;][et_pb_slider _builder_version=&#8221;4.9.0&#8243; _module_preset=&#8221;default&#8221; auto=&#8221;on&#8221; auto_speed=&#8221;5000&#8243; hover_transition_duration=&#8221;100ms&#8221; hover_enabled=&#8221;0&#8243; link_option_url=&#8221;http:\/\/apolonia.elzbietagrabos.pl\/&#8221; sticky_enabled=&#8221;0&#8243;][et_pb_slide heading=&#8221;El\u017cbieta Grabo\u015b&#8221; button_text=&#8221;Zobacz wi\u0119cej&#8221; button_link=&#8221;http:\/\/elzbietagrabos.pl\/?page_id=152&#8243; image=&#8221;http:\/\/elzbietagrabos.pl\/wp-content\/uploads\/2021\/02\/elzbieta_grabos.jpg&#8221; _builder_version=&#8221;4.9.0&#8243; _module_preset=&#8221;default&#8221; sticky_transition=&#8221;on&#8221;] Z profesji \u2013 konserwator i obro\u0144ca zabytk\u00f3w, z fascynacji fotograf, w g\u0142\u0119boko\u015bci duszy malarz. I jak tylko taka potrzeba plastyk [\/et_pb_slide][et_pb_slide heading=&#8221;Zagroda Apolonia&#8221; [&hellip;]\" \/>\n<meta property=\"og:url\" content=\"http:\/\/elzbietagrabos.pl\/\" \/>\n<meta property=\"og:site_name\" content=\"El\u017cbieta Grabo\u015b &amp; Apolonia\" \/>\n<meta property=\"article:modified_time\" content=\"2021-03-03T20:33:37+00:00\" \/>\n<meta name=\"twitter:card\" content=\"summary_large_image\" \/>\n<script type=\"application\/ld+json\" class=\"yoast-schema-graph\">{\"@context\":\"https:\/\/schema.org\",\"@graph\":[{\"@type\":[\"Person\",\"Organization\"],\"@id\":\"http:\/\/elzbietagrabos.pl\/#\/schema\/person\/2815e6febafcfaf0d9800fa6ddba20cd\",\"name\":\"admin\",\"image\":{\"@type\":\"ImageObject\",\"@id\":\"http:\/\/elzbietagrabos.pl\/#personlogo\",\"inLanguage\":\"pl-PL\",\"url\":\"http:\/\/1.gravatar.com\/avatar\/496e61331ff0b43909427543e093c0c9?s=96&d=mm&r=g\",\"caption\":\"admin\"},\"logo\":{\"@id\":\"http:\/\/elzbietagrabos.pl\/#personlogo\"}},{\"@type\":\"WebSite\",\"@id\":\"http:\/\/elzbietagrabos.pl\/#website\",\"url\":\"http:\/\/elzbietagrabos.pl\/\",\"name\":\"El\\u017cbieta Grabo\\u015b &amp; Apolonia\",\"description\":\"Artysta Plastyk Konserwator Dzie\\u0142 Sztuki\",\"publisher\":{\"@id\":\"http:\/\/elzbietagrabos.pl\/#\/schema\/person\/2815e6febafcfaf0d9800fa6ddba20cd\"},\"potentialAction\":[{\"@type\":\"SearchAction\",\"target\":\"http:\/\/elzbietagrabos.pl\/?s={search_term_string}\",\"query-input\":\"required name=search_term_string\"}],\"inLanguage\":\"pl-PL\"},{\"@type\":\"WebPage\",\"@id\":\"http:\/\/elzbietagrabos.pl\/#webpage\",\"url\":\"http:\/\/elzbietagrabos.pl\/\",\"name\":\"Home - El\\u017cbieta Grabo\\u015b &amp; Apolonia\",\"isPartOf\":{\"@id\":\"http:\/\/elzbietagrabos.pl\/#website\"},\"datePublished\":\"2021-02-14T21:08:46+00:00\",\"dateModified\":\"2021-03-03T20:33:37+00:00\",\"breadcrumb\":{\"@id\":\"http:\/\/elzbietagrabos.pl\/#breadcrumb\"},\"inLanguage\":\"pl-PL\",\"potentialAction\":[{\"@type\":\"ReadAction\",\"target\":[\"http:\/\/elzbietagrabos.pl\/\"]}]},{\"@type\":\"BreadcrumbList\",\"@id\":\"http:\/\/elzbietagrabos.pl\/#breadcrumb\",\"itemListElement\":[{\"@type\":\"ListItem\",\"position\":1,\"item\":{\"@type\":\"WebPage\",\"@id\":\"http:\/\/elzbietagrabos.pl\/\",\"url\":\"http:\/\/elzbietagrabos.pl\/\",\"name\":\"Strona g\\u0142\\u00f3wna\"}},{\"@type\":\"ListItem\",\"position\":2,\"item\":{\"@type\":\"WebPage\",\"@id\":\"http:\/\/elzbietagrabos.pl\/\",\"url\":\"http:\/\/elzbietagrabos.pl\/\",\"name\":\"Home\"}}]}]}<\/script>\n<!-- \/ Yoast SEO plugin. -->","_links":{"self":[{"href":"http:\/\/elzbietagrabos.pl\/index.php?rest_route=\/wp\/v2\/pages\/242"}],"collection":[{"href":"http:\/\/elzbietagrabos.pl\/index.php?rest_route=\/wp\/v2\/pages"}],"about":[{"href":"http:\/\/elzbietagrabos.pl\/index.php?rest_route=\/wp\/v2\/types\/page"}],"author":[{"embeddable":true,"href":"http:\/\/elzbietagrabos.pl\/index.php?rest_route=\/wp\/v2\/users\/2"}],"replies":[{"embeddable":true,"href":"http:\/\/elzbietagrabos.pl\/index.php?rest_route=%2Fwp%2Fv2%2Fcomments&post=242"}],"version-history":[{"count":12,"href":"http:\/\/elzbietagrabos.pl\/index.php?rest_route=\/wp\/v2\/pages\/242\/revisions"}],"predecessor-version":[{"id":811,"href":"http:\/\/elzbietagrabos.pl\/index.php?rest_route=\/wp\/v2\/pages\/242\/revisions\/811"}],"wp:attachment":[{"href":"http:\/\/elzbietagrabos.pl\/index.php?rest_route=%2Fwp%2Fv2%2Fmedia&parent=242"}],"curies":[{"name":"wp","href":"https:\/\/api.w.org\/{rel}","templated":true}]}}